(33/(-99))/(-1 + (-272)/(-273)). Suppose 3*b - j - 104 = 0. Calculate the remainder when 126 is divided by b.
61
Let l(a) = -a**3 - 20*a**2 - 19*a - 3. Let j be l(-19). Calculate the remainder when ((-20)/j)/(6/9) is divided by 3.
1
Let x be (4/12)/(1/(-6)). Let l = 10 + 0. What is the remainder when l is divided by -4 - -12 - 2/((-4)/x)?
3
Suppose -5*t - 15 = 0, -2*q + 3*t + 1 = -2. Suppose -5*h = -139 - 116. Calculate the remainder when h is divided by (q/18*-52)/(2/3).
12
Suppose 2*x = -4*z - x + 22, 0 = -z - 2*x + 3. Suppose z = d - 4*l - 53, 3*d - 158 = l. Let i = 10 + 8. Calculate the remainder when d is divided by i.
16
Let a = -182 - -380. Let p = a + 35. What is the remainder when p is divided by 47?
45
Suppose 0*s - 4 = -2*s. Suppose -w + 7 = -0*w. Suppose -w = 3*x - 4*x. What is the remainder when x is divided by s?
1
Suppose 0 = -0*c - 2*c + 8. Suppose -3*p + c = -2*p. What is the remainder when (7 - p)/((-3)/(-50)) is divided by 13?
11
Let p be ((-14)/30 + (-6)/45)*-635. What is the remainder when 1/(-2) + p/6 is divided by 22?
19
Suppose 30*g = 22*g + 344. What is the remainder when g is divided by 25?
18
Let x = 1167 - 1034. What is the remainder when x is divided by 45?
43
Let j(i) = i**3 - 19*i**2 + 38*i - 54. Calculate the remainder when 321 is divided by j(17).
13
Let h = -80 + 109. Let x = 34 + -19. What is the remainder when h is divided by x?
14
Suppose -13*t + 648 = 5*t. What is the remainder when 103 is divided by t?
31
Suppose 4*z = 3*k - 167, 4*z - 220 = -4*k + 8*z. What is the remainder when k is divided by 10?
3
Let l = 533 - -126. Calculate the remainder when l is divided by 55.
54
Let f(z) = z**3 + 4*z**2 - 2*z - 1. Suppose 113 = 9*i + 5. What is the remainder when i is divided by f(-4)?
5
Let a be (0/(-1) - -4) + -1. Suppose 4*c - 102 = a*c. Suppose 2 - c = -2*f. Calculate the remainder when f is divided by 13.
11
Let v(j) = 2*j**2 - 5*j - 11. Let r(m) = m**3 - 10*m**2 + 2*m - 15. Let q be r(10). What is the remainder when 69 is divided by v(q)?
13
Let i be (1 - 5)/(4/(-14)). Let d = i + -3. Suppose -81 = -4*o + 3*m, -3*o - 4*m + 0*m = -67. Calculate the remainder when o is divided by d.
10
Let a(g) = -g**2 + 5. Let z be a(-2). What is the remainder when z/((-8)/(-148))*2 is divided by 8?
5
Suppose -12 = -2*f - 4*c, 5*f + 8*c - 9 = 5*c. Suppose f = 5*q + q - 450. Calculate the remainder when q is divided by 13.
10
Suppose -o + 132 = -4*r + 3*o, -5*o - 75 = 3*r. What is the remainder when r/4*80/(-12) is divided by 35 + (-10 - 6) + 7?
24
Let p be (-23 + 3)*(-1)/(-2). Let j be 724/p - (-12)/30. Let f = j + 166. What is the remainder when f is divided by 24?
22
What is the remainder when 33 is divided by ((-426)/(-30) - -3) + (-3)/15?
16
Suppose 2*r + r + 516 = 5*y, 4*r = 2*y - 212. What is the remainder when y is divided by 37?
28
What is the remainder when 8*(-14)/(-16) + 76 is divided by 124/6 - 1/(-3)?
20
Suppose 2*a - 7 = -31. Let r = -16 - a. What is the remainder when 23 is divided by (-19)/(-3) + r/12?
5
Suppose -2*j = j - 132. Suppose -4*o + 2*v = -j - 52, 54 = 3*o + 3*v. Suppose -o*b = -21*b - 15. What is the remainder when 28 is divided by b?
13
Let s = 2 + 50. What is the remainder when 100 is divided by s?
48
Suppose 5*p - 108 = 3*x - 30, 2*x = 8. Calculate the remainder when p is divided by (-3)/6*(-10 + -2).
0
Suppose 79*s + 128 = 83*s. What is the remainder when s is divided by 17?
15
Calculate the remainder when (2/(-6))/((-69)/36639) is divided by 60.
57
Let w be 6/(-216)*4 + 3692/18. Let b be -41*(0/(-1) + 3). Let a = w + b. What is the remainder when a is divided by 17?
14
Suppose -37 = -6*x + 239. Suppose -3*z + 13 = 4*d - x, 6 = -2*z. What is the remainder when d is divided by 9?
8
Suppose 3*g - 3*u = -56 + 311, 3*u + 3 = 0. Suppose 38*t = 35*t + g. Calculate the remainder when t is divided by 8.
4
Let d = -664 - -821. Calculate the remainder when 318 is divided by d.
4
Suppose -11 = 506*m - 507*m. Let g = -31 + 50. Calculate the remainder when g is divided by m.
8
Let i(f) = -f**3 + 9*f**2 - f + 4. Let t = -8 + 7. Let u = t - -9. Calculate the remainder when i(u) is divided by 21.
18
Let w = 71 - 74. Calculate the remainder when (-2)/12 + w + (-485)/(-30) is divided by 9.
4
Suppose -5*o + 175 + 55 = 0. Let d = o + -16. Let c = 40 - d. Calculate the remainder when 37 is divided by c.
7
Let r = 74 + -23. Let d(a) = -28*a**3 - a**2 - a - 1. Calculate the remainder when r is divided by d(-1).
24
Suppose -3*z = -3*a + a - 3, 3 = a + 3*z. Suppose 4*s + 3*h - 28 = a, 3*s - h - 2*h = 42. What is the remainder when s is divided by 2?
0
Let u be (-7 + 16)/(-1 + 0). Let d = u - -24. What is the remainder when d is divided by 4?
3
Let g be -3*(-6)/27*18. Let q = -9 + g. Suppose 0 = 7*r - q*r - 96. Calculate the remainder when 93 is divided by r.
21
Suppose q = w + 6*q, 21 = 5*w + 4*q. Suppose 15 = -w*n, -3*r + 4*n + 87 = 2*r. What is the remainder when 44 is divided by r?
14
Let x = -146 + 173. Calculate the remainder when 76 is divided by x.
22
Let s be (240/14)/(-5*2/(-70)). Let j = s + -15. Calculate the remainder when j is divided by 18.
15
Let u = -10 - -35. Let n(c) be the first derivative of 2*c**3/3 - 3*c**2/2 - c + 1. What is the remainder when u is divided by n(-2)?
12
Let l = -11 - -14. Let b(q) = 4*q**2 - 3*q**l - 8 + 2*q**3 + 17*q - 10*q. Calculate the remainder when 57 is divided by b(4).
17
Calculate the remainder when 350 + -7 + 7 + -1 is divided by 120.
109
Let h(i) = 2*i + 36. Let f be h(-20). Calculate the remainder when (168/20)/((8/(-10))/f) is divided by 9.
6
Suppose 566 = 11*f + 159. Calculate the remainder when 64 is divided by f.
27
Let c = 7 + -4. Suppose -n = v - 25, -4*n - v + 97 = -0*n. Calculate the remainder when n is divided by c.
0
Let y(f) = 7*f**2 - 6*f. Calculate the remainder when 104 is divided by y(-2).
24
Let r be 12*4/12 + -2. Suppose 2405 = r*s + 11*s. What is the remainder when s is divided by 63?
59
Let p = -59 + 98. Calculate the remainder when p is divided by (2 + (-22)/(-11))/(3/6).
7
Let m(z) = z**2 - 3*z - 446. What is the remainder when 17 is divided by m(23)?
3
Let s = 0 - -2. Let f(t) = 2*t**3 - t**2 + t + 1. Let k be f(s). Suppose a - k = 3*r, 4*a - 2*r = 3*r + 60. Calculate the remainder when 29 is divided by a.
14
Let x = 84 + -163. Let y = -75 - x. What is the remainder when y is divided by 3?
1
Let k = -433 + 463. Calculate the remainder when 85 is divided by k.
25
Let x = 3 + -9. Calculate the remainder when 53 is divided by (-2)/x*(76 - -5).
26
What is the remainder when 5 + (-19)/(57/(-414)) is divided by 73?
70
Let x(l) = l**2 - 2*l. Suppose -6*d = -d + 125. Let s = -2 - d. Calculate the remainder when s is divided by x(4).
7
Suppose 5*y - 5 - 5 = 0. Suppose -3*s = y*s - 85. Suppose 8 + 27 = 5*w. Calculate the remainder when s is divided by w.
3
Let s(q) = q**2 - 45*q - 298. Calculate the remainder when 721 is divided by s(52).
61
Suppose 2*f + 6 = -f. Let z = 122 + -116. Calculate the remainder when f/8 - (-122)/8 is divided by z.
3
Suppose 5*z - 11 = -2*s, 0*s - 1 = 5*z - 2*s. Let h be (-549)/(-18) + z/2. Let l = h + -27. What is the remainder when 10 is divided by l?
2
Let i = 581 - 519. What is the remainder when i is divided by 6?
2
Suppose 11*v - 12*v = -53. Calculate the remainder when v is divided by 27.
26
Let v = 43 - 2. Suppose -36 = g - 4*g. Suppose -q - q - 35 = -3*c, -q - g = -c. Calculate the remainder when v is divided by c.
8
Let d be (85/15 - 4)/(2/24). Suppose d = v - 8. What is the remainder when 82 is divided by v?
26
Suppose -8 = 5*r + 5*h - 83, -3*r + h = -29. Suppose 3*y + d - 6 = 0, 0 = -y + d - 177 + 183. What is the remainder when r is divided by y?
2
Suppose 212 = 3*w + 4*h, -3*w - 7*h + 217 = -2*h. Calculate the remainder when w is divided by 17.
13
Suppose 0 = 4*r - 3*c - 3241, 0 = -5*c + c + 4. Calculate the remainder when r is divided by 116.
115
Suppose 77 + 139 = 6*i. What is the remainder when 645 is divided by i?
33
Let a(z) = z**2 + 18*z + 85. What is the remainder when 260 is divided by a(-14)?
28
Let c = 2262 - 1762. What is the remainder when c is divided by 124?
4
Let f(x) = 4*x - 33. Let g(b) = -19*b + 166. Let h(n) = 11*f(n) + 2*g(n). Suppose -27 = -4*v + 21. What is the remainder when h(13) is div